(u) = -55*u**3 - u + 1. What is j(1)?
-55
Let q(j) = j**2 + 16*j + 11. Determine q(-10).
-49
Let m(v) = -5*v + 12. Give m(4).
-8
Let j(r) = 6*r - 82. Give j(13).
-4
Let f(v) = v**3 + 6*v**2 + 6*v - 3. Calculate f(-6).
-39
Let c(y) = -y**3 - 2*y + 33. Determine c(0).
33
Let f(t) = -4*t - 5. Determine f(-11).
39
Let o(z) = z**2 - 11*z - 23. Give o(12).
-11
Let z(g) = -g**3 + g**2 - 5*g - 9. What is z(-4)?
91
Let i(p) = 4*p**2 + 13*p + 14. Give i(-2).
4
Let c(a) = -2*a**3 - 59*a**2 - 29*a + 10. Determine c(-29).
10
Let l(h) = -5*h - 44. What is l(-14)?
26
Let o(a) = a**2 + 2*a + 7. Determine o(0).
7
Let y(a) = 4*a + 39. Calculate y(10).
79
Let l(a) = -27*a**2 + a + 1. Calculate l(-1).
-27
Let y(l) = -2*l**2 + 23*l - 20. Determine y(9).
25
Let j(q) = 2*q**2 - 22*q - 40. Give j(12).
-16
Let p(u) = u**3 - 4*u. Give p(0).
0
Let b(w) = -3*w - 15. Calculate b(-9).
12
Let g(t) = -t**2 - 10*t + 13. Determine g(-12).
-11
Let t(g) = -g**3 - g**2 + 2*g - 1. Calculate t(-2).
-1
Let k(d) = -27*d + 36. Determine k(7).
-153
Let m(z) = z**3 - z + 12. What is m(0)?
12
Let u(w) = 7*w - 76. Give u(12).
8
Let m(l) = l**3 - 12*l**2 + 21*l + 5. Calculate m(10).
15
Let b(f) = -f**2 - 2*f - 2. Calculate b(0).
-2
Let a(y) = -y - 4. What is a(5)?
-9
Let m(z) = z**2 + 2*z - 10. What is m(-4)?
-2
Let h(b) = 2*b**2 + 57*b + 342. Determine h(-20).
2
Let o(f) = 3*f**2 + 11*f + 4. Give o(-8).
108
Let r(y) = 2*y**3 - y**2 + y - 2. Give r(-3).
-68
Let x(k) = -k**2 + 4*k + 5. Calculate x(4).
5
Let u(v) = 5*v**2 + 12*v - 9. Determine u(-5).
56
Let h(w) = w**2 + 16*w - 48. Calculate h(-18).
-12
Let b(j) = -61*j - 11. What is b(-1)?
50
Let k(i) = -3*i**2 + 5*i + 11. Calculate k(6).
-67
Let j(c) = c**3 - 11*c**2 + 16*c - 4. What is j(10)?
56
Let z(u) = -28*u**2 + 5*u - 1. Calculate z(1).
-24
Let f(z) = 2*z - 27. Give f(18).
9
Let s(z) = -z**3 + 12*z**2 + 6*z + 105. Determine s(13).
14
Let t(l) = l**2 - 9*l - 6. Give t(9).
-6
Let r(t) = t**2 + 4*t. Give r(-7).
21
Let w(n) = 5*n**2 + 42*n + 16. Give w(-8).
0
Let q(c) = c**3 + 4*c**2 + 2*c + 6. What is q(-4)?
-2
Let k(x) = -x**3 + 5*x**2 + 4*x + 3. Calculate k(6).
-9
Let s(t) = -2*t**2 + 60*t - 6. Give s(30).
-6
Let p(r) = -r**2 + r + 5. Determine p(-8).
-67
Let g(n) = -4*n**3 - 52*n**2 - 3. Determine g(-13).
-3
Let a(m) = 9*m - 20. Give a(3).
7
Let p(o) = o**3 + 6*o**2 - 9*o + 10. Give p(-7).
24
Let k(n) = n**3 - n**2 - n - 26. Determine k(0).
-26
Let n(o) = o**2 - 11*o + 11. What is n(8)?
-13
Let o(l) = 7*l + 242. Give o(-42).
-52
Let n(x) = -10*x**2 - 51*x - 22. Give n(-4).
22
Let g(w) = w**3 + 13*w**2 - 15*w - 12. Calculate g(-14).
2
Let k(h) = -h**3 - 9*h**2 - h - 5. Calculate k(-9).
4
Let y(t) = t**3 - 9*t**2 + 2. Calculate y(9).
2
Let q(s) = s**3 - 9*s**2 + s - 12. Determine q(9).
-3
Let k(j) = -j**3 - 12*j**2 + j + 22. Calculate k(-12).
10
Let g(n) = 4*n**2 + 39*n - 15. Give g(-10).
-5
Let q(v) = -v**2 + 17*v + 8. Give q(17).
8
Let n(b) = -2*b**2 - 3*b - 4. Calculate n(-2).
-6
Let x(l) = l**2 + 16*l + 65. Determine x(-8).
1
Let s(l) = -101*l - 400. Give s(-4).
4
Let y(k) = k**3 + 7*k**2 + k + 6. Determine y(-6).
36
Let z(p) = 4*p**2 - 220*p - 2. Calculate z(55).
-2
Let v(g) = 3*g**2 - 7*g - 1. Determine v(2).
-3
Let q(z) = -z**2 + 13*z - 28. Determine q(12).
-16
Let k(d) = d**2 + d + 3. Determine k(0).
3
Let m(r) = r**3 - 20*r**2 - 19*r - 10. What is m(21)?
32
Let i(a) = 4*a - 14. Calculate i(6).
10
Let k(g) = 141*g + 700. Determine k(-5).
-5
Let g(o) = 5*o - 32. What is g(8)?
8
Let s(l) = -5*l + 17. Determine s(3).
2
Let v(k) = -3*k - 14. Determine v(-10).
16
Let a(t) = -2*t + 15. Determine a(6).
3
Let s(q) = -q**3 - 9*q**2 - 8*q - 3. What is s(-8)?
-3
Let u(v) = -2*v**3 - 2*v**2 - 3*v - 2. Give u(-3).
43
Let k(r) = -7*r**2 + r - 4. What is k(2)?
-30
Let v(g) = -2*g**3 + 3*g**2 - 4*g. Determine v(3).
-39
Let u(t) = -t**2 - 30*t - 51. Determine u(-25).
74
Let u(i) = i**3 - 6*i**2 - 25*i + 24. Give u(8).
-48
Let o(p) = -2*p**3 - p**2 + 2*p + 1. Calculate o(2).
-15
Let f(i) = -106*i - 1. Calculate f(1).
-107
Let c(h) = -h**3 + 13*h**2 - 11*h - 8. What is c(12)?
4
Let v(q) = -83*q + 503. What is v(6)?
5
Let v(g) = 10*g - 22. Calculate v(6).
38
Let y(z) = -5*z**2 - z - 4. Determine y(3).
-52
Let y(s) = -s**3 - 12*s**2 - 13*s + 26. What is y(-11)?
48
Let z(p) = -60*p**2 + 1. Give z(-1).
-59
Let k(u) = u**3 + 9*u**2 - u - 15. Determine k(-9).
-6
Let v(c) = -c**2 - 3*c + 24. What is v(-6)?
6
Let a(q) = -q**3 + q + 16. Calculate a(0).
16
Let y(q) = q**3 - 7*q**2 + 2*q. Give y(7).
14
Let i(v) = v**3 - 10*v**2 + 9*v + 11. Calculate i(9).
11
Let q(y) = 8*y**2 - 33*y - 31. Determine q(5).
4
Let u(v) = -v**3 + 18*v**2 - v + 21. What is u(18)?
3
Let q(f) = -f**3 - f**2 + 3*f + 4. Give q(-4).
40
Let w(o) = -o**3 - 6*o**2 + 3*o - 8. Determine w(-6).
-26
Let j(z) = -z**3 + 48*z**2 - z + 41. What is j(48)?
-7
Let m(g) = -g**3 + 4*g**2 + 10*g + 4. Calculate m(-3).
37
Let a(q) = -18*q**3 - 3*q**2 + 7*q - 5. Determine a(1).
-19
Let o(r) = 3*r - 75. Give o(22).
-9
Let d(f) = -f**2 - 4*f - 3. Calculate d(-4).
-3
Let j(l) = -l**2 - 1. Calculate j(-2).
-5
Let n(g) = g**2 - 58*g + 102. What is n(56)?
-10
Let u(b) = 2*b. What is u(3)?
6
Let m(r) = -r**2 - 16*r - 20. Give m(-9).
43
Let x(m) = -m**3 - 3*m**2 + 11*m - 7. Calculate x(-5).
-12
Let g(z) = -8*z - 6. Calculate g(-4).
26
Let j(l) = l**2 + 58. What is j(0)?
58
Let u(h) = 176*h + 6. What is u(1)?
182
Let q(r) = -22*r - 45. What is q(-2)?
-1
Let w(u) = -u**3 + 11*u**2 - 3*u + 9. Give w(11).
-24
Let f(r) = r - 21. What is f(18)?
-3
Let g(u) = u + 20. Give g(-15).
5
Let m(c) = c**3 + 17*c**2 + 43*c + 13. Determine m(-14).
-1
Let m(x) = x**3 - 6*x**2 + 7*x - 5. What is m(4)?
-9
Let m(n) = -n**2 - 15*n - 7. What is m(-15)?
-7
Let i(q) = q**3 + 4*q**2 - q - 2. Give i(-3).
10
Let b(s) = 4*s**2 - 2*s - 2. Calculate b(-2).
18
Let i(b) = b**2 + 8*b - 45. Give i(-11).
-12
Let h(w) = 2*w + 3. Calculate h(-8).
-13
Let i(y) = y**3 - 17*y**2 + 37*y - 109. Determine i(15).
-4
Let b(o) = -o**3 - 7*o**2 - 8. Calculate b(-8).
56
Let s(c) = c**3 + c**2 - 2*c - 4. What is s(2)?
4
Let d(l) = 8*l + 21. What is d(1)?
29
Let b(c) = 3*c**3 - 8*c**2 - 5*c + 18. Give b(3).
12
Let b(g) = -g**2 + 24*g - 126. Calculate b(7).
-7
Let g(l) = -4*l**2 + l + 5. What is g(2)?
-9
Let c(s) = s**2 - 13*s + 35. Determine c(8).
-5
Let p(v) = v - 13. Calculate p(-10).
-23
Let q(t) = t**3 + 5*t**2 + t + 6. Determine q(-4).
18
Let o(l) = 13*l - 160. Give o(12).
-4
Let q(t) = -3*t**2 - 25*t - 6. Determine q(-7).
22
Let m(g) = g**2 + 8*g. Give m(-5).
-15
Let z(c) = -2*c**2 + 20*c - 10. Give z(10).
-10
Let z(k) = k**2. Give z(-10).
100
Let m(o) = -o**3 - 10*o**2 - 6*o + 23. Determine m(-9).
-4
Let v(i) = 2*i**3 - 12*i**2 - 3*i + 12. Calculate v(5).
-53
Let u(q) = 2*q**2 + 33*q - 60. Give u(-18).
-6
Let c(j) = j + 6. Determine c(-7).
-1
Let d(u) = 3*u**3 - u**2 + 3*u + 4. What is d(-2)?
-30
Let u(z) = -z**2 - 6*z. Calculate u(-7).
-7
Let x(r) = -5*r**3 + 1. Give x(1).
-4
Let u(q) = -2*q**3 + 2*q**2 + 9*q - 7. Give u(3).
-16
Let l(h) = -h**3 - 13*h**2 - 12*h + 8. Calculate l(-12).
8
Let f(b) = 147*b**2 + 3*b + 4. What is f(-1)?
148
Let n(s) = -s**2 - 4. Determine n(6).
-40
Let d(n) = -72*n**3 - 5*n**2 + 3*n. Give d(1).
-74
Let d(w) = w**3 + 2*w + 6. Calculate d(0).
6
Let f(l) = l**2 + 19*l + 21. Determine f(-18).
3
Let q(u) = 9*u + 85. Give q(-8).
13
Let c(q) = -6*q + 102. What is c(15)?
12
Let h(k) = -4*k - 95. Determine h(-23).
-3
Let l(k) = -13*k**3 + 2*k**2 - 1. Calculate l(1).
-12
Let i(l) = -l**2 - 5*l + 15. Calculate i(-8).
-9
Let q(o) = -o**2 + 14*o - 7. Calculate q(10).
33
Let o(i) = -i**2 + 6*i + 18. Give o(8).
2
Let c(g) = 4*g**3 - 15*g**2 + 3*g + 6. What is c(3)?
-12
Let j(h) = -h**2 - 8*h - 12. Give j(-6).
0
Let t(d) = d**2 - 33*d + 227. What is t(10)?
-3
Let o(z) = -z**2 - 10*z + 32. What is o(-11)?
21
Let y(n) = n**2 + 11*n + 23. What is y(-8)?
-1
Let z(w) = -2*w**3 + 35*w**2 + 20*w - 10. Determine z(18).
26
Let c(z) = 11*z + 229. Calculate c(-22).
-13
Let n(q) = q - 7. Determine n(-4).
-11
Let v(z) = -32*z**3 - z**2 - z + 2. Calculate v(1).
-32
Let k(q) = 17*q**2. What is k(-1)?
17
Let q(o) = o**2 - 13*o + 79. Give q(10).
49
Let d(x) = x**2 + 8*x - 36. Calculate d(-11).
-3
Let y(b) = -2*b + 25. Calculate y(11).
3
Let p(q) = -6*q*